1445 (base 7) to base 2.
101110011101
What is 5433 (base 6) in base 14?
64d
What is 612d (base 14) in base 9?
24816
56066 (base 7) to base 10
14111
-29 (base 11) to base 10
-31
What is 41606 (base 7) in base 13?
4883
What is -a1a4 (base 16) in base 9?
-62677
Convert -2136 (base 12) to base 15.
-112c
-583 (base 16) to base 3
-1221021
What is 330131 (base 4) in base 10?
3869
What is 990 (base 11) in base 14?
60c
2786 (base 14) to base 3
100120110
What is -14623 (base 7) in base 9?
-5537
Convert -46333 (base 7) to base 12.
-6a21
11543 (base 7) to base 11
22a6
What is 253250 (base 6) in base 16?
58fe
-1432 (base 7) to base 3
-202211
What is -4750 (base 9) in base 12?
-2060
What is -655 (base 14) in base 13?
-753
552 (base 11) to base 3
220112
Convert 1011222112 (base 3) to base 7.
124655
What is 2679 (base 10) in base 5?
41204
What is 111010110010100 (base 2) in base 4?
13112110
What is 6504 (base 8) in base 16?
d44
Convert -5353 (base 7) to base 14.
-99a
What is -2323332 (base 4) in base 10?
-12030
What is 12011120 (base 3) in base 13?
193b
Convert 1018 (base 12) to base 11.
134a
Convert -1111 (base 8) to base 4.
-21021
-453 (base 8) to base 3
-102002
25645 (base 7) to base 13
3166
100110 (base 3) to base 5
2010
Convert -5795 (base 13) to base 6.
-132522
-3033 (base 5) to base 13
-243
What is 45738 (base 9) in base 15?
907b
What is -7344 (base 8) in base 14?
-1564
Convert -1429 (base 10) to base 9.
-1857
What is 6006 (base 8) in base 15?
da3
What is -6963 (base 11) in base 13?
-4215
-17084 (base 9) to base 2
-10110111011100
-1312131 (base 4) to base 15
-23a6
-107 (base 16) to base 4
-10013
1405 (base 6) to base 12
265
What is -42122 (base 6) in base 13?
-276b
What is -38306 (base 10) in base 2?
-1001010110100010
Convert 119 (base 15) to base 13.
162
-21211 (base 3) to base 15
-e1
Convert 34882 (base 9) to base 5.
1221241
What is -10565 (base 12) in base 4?
-11100131
Convert -958 (base 14) to base 4.
-130302
Convert -1778 (base 16) to base 13.
-2972
What is -105240 (base 6) in base 10?
-8952
-110011101100 (base 2) to base 5
-101213
What is 2420 (base 8) in base 6?
10000
208b (base 13) to base 11
342a
What is 10a2a (base 12) in base 4?
11123002
What is 1101011101 (base 2) in base 7?
2340
71 (base 14) to base 5
344
-30 (base 13) to base 11
-36
Convert 314 (base 5) to base 8.
124
What is -11000101001001 (base 2) in base 14?
-4853
What is 110100101001000 (base 2) in base 10?
26952
42e7 (base 15) to base 11
a70a
What is 20a18 (base 13) in base 3?
2222201000
What is -2120122 (base 3) in base 4?
-131120
1203 (base 10) to base 13
717
What is -301331 (base 4) in base 7?
-12215
121c (base 16) to base 10
4636
Convert -80 (base 14) to base 5.
-422
-1101000 (base 3) to base 8
-1747
Convert -33340 (base 5) to base 7.
-6560
What is 16036 (base 7) in base 13?
2071
What is 12434 (base 10) in base 4?
3002102
What is -5a45 (base 12) in base 9?
-14808
-43373 (base 8) to base 2
-100011011111011
What is -654 (base 11) in base 6?
-3345
Convert 316a (base 13) to base 15.
2068
Convert 101100100110110 (base 2) to base 6.
253422
What is -96c5 (base 14) in base 7?
-135635
-165603 (base 7) to base 12
-17289
Convert -7a6 (base 16) to base 15.
-8a8
What is 743 (base 8) in base 4?
13203
Convert -233 (base 13) to base 9.
-462
What is 11011110011 (base 2) in base 12?
1043
What is -2a5 (base 13) in base 3?
-122112
Convert -22052 (base 9) to base 8.
-34443
Convert -221222221 (base 3) to base 2.
-100101000001000
What is 121111212 (base 3) in base 7?
50045
-13478 (base 10) to base 8
-32246
Convert -48b (base 14) to base 15.
-407
What is -111 (base 5) in base 2?
-11111
110001100010 (base 2) to base 3
11100102
Convert -20122 (base 8) to base 11.
-6242
-1033a (base 12) to base 13
-986b
What is -10111000111 (base 2) in base 3?
-2000210
Convert 2111110 (base 3) to base 2.
11100011101
What is -3d3 (base 14) in base 3?
-1001122
Convert 1150 (base 13) to base 6.
15131
What is a8 (base 13) in base 9?
163
Convert 10101000100 (base 2) to base 10.
1348
54b (base 13) to base 14
48c
-27d (base 16) to base 15
-2c7
-2410230 (base 5) to base 6
-541424
What is 12035 (base 8) in base 11?
3961
471 (base 14) to base 11
733
-24468 (base 11) to base 14
-cb5a
What is -130016 (base 8) in base 16?
-b00e
What is -155602 (base 7) in base 11?
-21181
1414 (base 10) to base 2
10110000110
Convert 15401 (base 7) to base 12.
25b5
60645 (base 7) to base 9
22180
What is -1061 (base 8) in base 13?
-342
What is -3122 (base 10) in base 6?
-22242
1130 (base 7) to base 5
3123
Convert 5046 (base 7) to base 10.
1749
-1362 (base 11) to base 6
-12054
-344430 (base 5) to base 15
-3a7a
-1222 (base 13) to base 8
-5003
What is -1011100011 (base 2) in base 8?
-1343
-d38 (base 14) to base 5
-40343
-30d (base 16) to base 5
-11111
-21294 (base 10) to base 15
-6499
What is 535 (base 13) in base 6?
4041
What is -2223221 (base 4) in base 11?
-8287
eeb (base 15) to base 7
12554
What is 139c (base 13) in base 9?
3787
1020101110 (base 3) to base 6
304403
What is -3034 (base 5) in base 2?
-110001010
Convert 517d (base 15) to base 14.
63bc
Convert -2785 (base 11) to base 4.
-320102
-42033 (base 5) to base 12
-1728
Convert -4338 (base 10) to base 12.
-2616
Convert 618 (base 10) to base 9.
756
-111111001000 (base 2) to base 4
-333020
11331 (base 6) to base 8
3147
Convert 20ad (base 14) to base 6.
42041
10303 (base 6) to base 15
63c
What is 4444 (base 5) in base 10?
624
Convert 1002111 (base 3) to base 15.
381
-60456 (base 7) to base 14
-549d
200121011 (base 3) to base 11
a206
159d9 (base 14) to base 5
3212331
What is 8c3 (base 16) in base 13?
1037
What is -25140 (base 7) in base 11?
-4a55
Convert 1392 (base 10) to base 15.
62c
What is 2d87 (base 14) in base 11?
6144
What is 420231 (base 6) in base 5?
2040122
-14 (base 11) to base 14
-11
Convert -8153 (base 10) to base 12.
-4875
Convert -1374 (base 10) to base 11.
-103a
What is -23114 (base 9) in base 4?
-3300223
-100653 (base 7) to base 11
-11971
Convert d5 (base 15) to base 9.
242
Convert -110012 (base 3) to base 8.
-511
Convert 13302 (base 4) to base 3.
200110
616 (base 12) to base 15
3dc
13133 (base 9) to base 13
4056
Convert -61 (base 11) to base 8.
-103
3734 (base 9) to base 2
101011100001
What is 3234 (base 5) in base 8?
674
-24 (base 9) to base 15
-17
315131 (base 6) to base 3
1022100001
Convert 2332 (base 11) to base 3.
11012100
What is -50c (base 15) in base 11?
-944
243140 (base 5) to base 9
13518
What is -194b (base 14) in base 6?
-33103
What is 269 (base 10) in base 5?
2034
What is 102315 (base 7) in base 15?
536c
-343124 (base 5) to base 11
-9262
6c64 (base 13) to base 2
11101110111100
What is 220 (base 8) in base 16?
90
-18166 (base 13) to base 5
-2441030
What is -22 (base 8) in base 16?
-12
1118 (base 10) to base 14
59c
Convert -221 (base 12) to base 7.
-625
What is b3c4 (base 15) in base 5?
2203414
What is -4c5 (base 15) in base 11?
-8a7
Convert -52425 (base 9) to base 8.
-103462
22010 (base 4) to base 3
212212
12202120 (base 3) to base 2
1000001101000
Convert 5817 (base 12) to base 2.
10011001010011
-898 (base 14) to base 4
-122212
-21000112 (base 3) to base 10
-5117
2031 (base 6) to base 15
201
-2011004 (base 5) to base 2
-111110100000100
What is -111222 (base 3) in base 9?
-458
-32321 (base 4) to base 16
-3b9
Convert -12365 (base 10) to base 14.
-4713
1155 (base 8) to base 2
1001101101
Convert 1bd (base 15) to base 4.
12103
Convert 6ba8 (base 15) to base 8.
54543
540 (base 7) to base 10
273
Convert -9d4 (base 15) to base 16.
-8b0
What is -31238 (base 9) in base 8?
-50201
Convert -649 (base 12) to base 5.
-12141
Convert -403 (base 6) to base 5.
-1042
267 (base 12) to base 8
557
-52a (base 15) to base 11
-96a
1110000 (base 2) to base 13
88
-63651 (base 8) to base 11
-18a35
Convert 25070 (base 12) to base 8.
142024
2355 (base 8) to base 9
1651
Convert 33480 (base 11) to base 3.
2110111212
What is 318 (base 9) in base 15?
125
What is 2d53 (base 14) in base 12?
4839
55005 (base 6) to base 2
1110110001101
-507 (base 12) to base 4
-23113
-2104 (base 7) to base 2
-1011100011
17492 (base 10) to base 14
6536
Convert -110110 (base 3) to base 6.
-1320
What is -27140 (base 8) in base 9?
-17251
-21344 (base 7) to base 3
-21022012
Convert 16ca (base 14) to base 11.
3096
144532 (base 6) t